{"id":1312,"date":"2018-08-08T12:31:29","date_gmt":"2018-08-08T10:31:29","guid":{"rendered":"http:\/\/guidelaval.fr\/?p=1312"},"modified":"2018-08-08T12:41:06","modified_gmt":"2018-08-08T10:41:06","slug":"retro-classic-53-2","status":"publish","type":"page","link":"http:\/\/guidelaval.fr\/eva\/retro-classic-53-2\/","title":{"rendered":"R\u00e9tro Classic 53"},"content":{"rendered":"<p>Contact : le grand<br \/> <a href=\"mailto:legrand.jt@orange.fr\" >legrand.jt@orange.fr<\/a><\/br><br \/> date-d\u00e9but : 08\/09\/2018 14h00<br \/> date-fin : 09\/09\/2018 18h00<br \/> A\u00e9rodrome Beausoleil<br \/> Route d&#039;Angers<br \/>Laval 53000<br \/> &Eacute;v&egrave;nement positionn&eacute; le : 03\/11\/2017 11h 20mn&lt;\/br&gt;Par le Club : Lions Club Guy<br \/> <b>Corps du message :<\/b><br \/> R\u00c9TRO CLASSIC 53 : EXPOSITION-CONCOURS VOITURES ANCIENNES<\/p>\n","protected":false},"excerpt":{"rendered":"<p>Contact : le grand legrand.jt@orange.fr date-d\u00e9but : 08\/09\/2018 14h00 date-fin : 09\/09\/2018 18h00 A\u00e9rodrome Beausoleil Route d&#039;AngersLaval 53000 &Eacute;v&egrave;nement positionn&eacute; le : 03\/11\/2017 11h 20mn&lt;\/br&gt;Par le Club : Lions Club Guy Corps du message : R\u00c9TRO CLASSIC 53 : EXPOSITION-CONCOURS &hellip; <a href=\"http:\/\/guidelaval.fr\/eva\/retro-classic-53-2\/\">Lire la suite\u00ad\u00ad<\/a><\/p>\n","protected":false},"author":6,"featured_media":0,"parent":0,"menu_order":0,"comment_status":"closed","ping_status":"closed","template":"","meta":{"kt_blocks_editor_width":"","jetpack_post_was_ever_published":false},"jetpack_sharing_enabled":true,"jetpack_shortlink":"https:\/\/wp.me\/P7cFdd-la","jetpack-related-posts":[{"id":1298,"url":"http:\/\/guidelaval.fr\/eva\/retro-classic-53\/","url_meta":{"origin":1312,"position":0},"title":"R\u00e9tro Classic 53","date":"3 novembre 2017","format":false,"excerpt":"Contact : le grand legrand.jt@orange.fr date-d\u00e9but : 08\/09\/2018 14h00 date-fin : 09\/09\/2018 18h00 A\u00e9rodrome Beausoleil Route d'AngersLaval 53000 \u00c9v\u00e8nement positionn\u00e9 le : 03\/11\/2017 11h 20mn<\/br>Par le Club : Lions Club Guy Corps du message : Le Lions Club Guy de Laval organise les 8 et 9 septembre 2018 \u00e0 l'a\u00e9rodrome\u2026","rel":"","context":"Dans &quot;Non class\u00e9&quot;","img":{"alt_text":"","src":"","width":0,"height":0},"classes":[]},{"id":1221,"url":"http:\/\/guidelaval.fr\/eva\/nocturne-des-bonnets-roses-53\/","url_meta":{"origin":1312,"position":1},"title":"Nocturne des Bonnets Roses 53","date":"10 janvier 2017","format":false,"excerpt":"Contact : margogne lmargogne@orange.fr date-d\u00e9but : 22\/01\/2017 17h30 date-fin : 22\/01\/2017 19h30 Piscine Saint Nicolas \u00e0 Laval Boulevard JourdanLAVAL 53000 \u00c9v\u00e8nement positionn\u00e9 le : 06\/01\/2017 18h 33mn<\/br>Par le Club : Rotary Ambroise Corps du message : Nocturne des Bonnets Roses 53 Moment de d\u00e9tente \u00e0 la piscine Saint Nicolas de\u2026","rel":"","context":"Dans &quot;Non class\u00e9&quot;","img":{"alt_text":"","src":"http:\/\/i1.wp.com\/guidelaval.fr\/eva\/wp-content\/uploads\/2017\/01\/affiche.jpg?resize=350%2C200","width":350,"height":200},"classes":[]},{"id":1225,"url":"http:\/\/guidelaval.fr\/eva\/nocturne-des-bonnets-roses-53-2\/","url_meta":{"origin":1312,"position":2},"title":"Nocturne des Bonnets Roses 53","date":"10 janvier 2017","format":false,"excerpt":"Contact : margogne lmargogne@orange.fr date-d\u00e9but : 22\/01\/2017 17h30 date-fin : 22\/01\/2017 19h30 Piscine Saint Nicolas \u00e0 Laval Boulevard JourdanLAVAL 53000 \u00c9v\u00e8nement positionn\u00e9 le : 06\/01\/2017 18h 33mn<\/br>Par le Club : Rotary Ambroise Corps du message : Nocturne des Bonnets Roses 53 Moment de d\u00e9tente \u00e0 la piscine Saint Nicolas de\u2026","rel":"","context":"Dans &quot;Non class\u00e9&quot;","img":{"alt_text":"","src":"http:\/\/i2.wp.com\/guidelaval.fr\/eva\/wp-content\/uploads\/2017\/01\/affiche-1.jpg?resize=350%2C200","width":350,"height":200},"classes":[]},{"id":1229,"url":"http:\/\/guidelaval.fr\/eva\/nocturne-des-bonnets-roses-53-3\/","url_meta":{"origin":1312,"position":3},"title":"Nocturne des Bonnets Roses 53","date":"10 janvier 2017","format":false,"excerpt":"Contact : margogne lmargogne@orange.fr date-d\u00e9but : 22\/01\/2017 17h30 date-fin : 22\/01\/2017 19h30 Piscine Saint Nicolas \u00e0 Laval Boulevard JourdanLAVAL 53000 \u00c9v\u00e8nement positionn\u00e9 le : 06\/01\/2017 18h 33mn<\/br>Par le Club : Rotary Ambroise Corps du message : Nocturne des Bonnets Roses 53 Moment de d\u00e9tente \u00e0 la piscine Saint Nicolas de\u2026","rel":"","context":"Dans &quot;Non class\u00e9&quot;","img":{"alt_text":"","src":"http:\/\/i0.wp.com\/guidelaval.fr\/eva\/wp-content\/uploads\/2017\/01\/affiche-2.jpg?resize=350%2C200","width":350,"height":200},"classes":[]},{"id":1233,"url":"http:\/\/guidelaval.fr\/eva\/nocturne-des-bonnets-roses-53-4\/","url_meta":{"origin":1312,"position":4},"title":"Nocturne des Bonnets Roses 53","date":"10 janvier 2017","format":false,"excerpt":"Contact : margogne lmargogne@orange.fr date-d\u00e9but : 22\/01\/2017 17h30 date-fin : 22\/01\/2017 19h30 Piscine Saint Nicolas \u00e0 Laval Boulevard JourdanLAVAL 53000 \u00c9v\u00e8nement positionn\u00e9 le : 06\/01\/2017 18h 33mn<\/br>Par le Club : Rotary Ambroise Corps du message : Nocturne des Bonnets Roses 53 Moment de d\u00e9tente \u00e0 la piscine Saint Nicolas de\u2026","rel":"","context":"Dans &quot;Non class\u00e9&quot;","img":{"alt_text":"","src":"http:\/\/i2.wp.com\/guidelaval.fr\/eva\/wp-content\/uploads\/2017\/01\/affiche-3.jpg?resize=350%2C200","width":350,"height":200},"classes":[]},{"id":1237,"url":"http:\/\/guidelaval.fr\/eva\/nocturne-des-bonnets-roses-53-5\/","url_meta":{"origin":1312,"position":5},"title":"Nocturne des Bonnets Roses 53","date":"11 janvier 2017","format":false,"excerpt":"Contact : margogne lmargogne@orange.fr date-d\u00e9but : 22\/01\/2017 17h30 date-fin : 22\/01\/2017 19h30 Piscine Saint Nicolas \u00e0 Laval Boulevard JourdanLAVAL 53000 \u00c9v\u00e8nement positionn\u00e9 le : 06\/01\/2017 18h 33mn<\/br>Par le Club : Rotary Ambroise Corps du message : Nocturne des Bonnets Roses 53 Moment de d\u00e9tente \u00e0 la piscine Saint Nicolas de\u2026","rel":"","context":"Dans &quot;Non class\u00e9&quot;","img":{"alt_text":"","src":"http:\/\/i0.wp.com\/guidelaval.fr\/eva\/wp-content\/uploads\/2017\/01\/affiche-petite.jpg?resize=350%2C200","width":350,"height":200},"classes":[]}],"_links":{"self":[{"href":"http:\/\/guidelaval.fr\/eva\/wp-json\/wp\/v2\/pages\/1312"}],"collection":[{"href":"http:\/\/guidelaval.fr\/eva\/wp-json\/wp\/v2\/pages"}],"about":[{"href":"http:\/\/guidelaval.fr\/eva\/wp-json\/wp\/v2\/types\/page"}],"author":[{"embeddable":true,"href":"http:\/\/guidelaval.fr\/eva\/wp-json\/wp\/v2\/users\/6"}],"replies":[{"embeddable":true,"href":"http:\/\/guidelaval.fr\/eva\/wp-json\/wp\/v2\/comments?post=1312"}],"version-history":[{"count":1,"href":"http:\/\/guidelaval.fr\/eva\/wp-json\/wp\/v2\/pages\/1312\/revisions"}],"predecessor-version":[{"id":1313,"href":"http:\/\/guidelaval.fr\/eva\/wp-json\/wp\/v2\/pages\/1312\/revisions\/1313"}],"wp:attachment":[{"href":"http:\/\/guidelaval.fr\/eva\/wp-json\/wp\/v2\/media?parent=1312"}],"curies":[{"name":"wp","href":"https:\/\/api.w.org\/{rel}","templated":true}]}}