{"id":140,"date":"2015-10-27T22:42:02","date_gmt":"2015-10-27T21:42:02","guid":{"rendered":"http:\/\/guidelaval.fr\/eva\/?page_id=140"},"modified":"2016-04-25T21:47:47","modified_gmt":"2016-04-25T19:47:47","slug":"page-contact","status":"publish","type":"page","link":"http:\/\/guidelaval.fr\/eva\/page-contact\/","title":{"rendered":"page-cr\u00e9ation-\u00e9v\u00e8nement"},"content":{"rendered":"<p id=\"titre_jerome\">Formulaire de d\u00e9claration d&rsquo;un \u00e9v\u00e8nement organis\u00e9 par un club membre de Festiguide53<\/p>\n[contact-form-7 id=\u00a0\u00bb1013&Prime; title=\u00a0\u00bbContact-cr\u00e9ation-evenement\u00a0\u00bb]\n","protected":false},"excerpt":{"rendered":"<p>Formulaire de d\u00e9claration d&rsquo;un \u00e9v\u00e8nement organis\u00e9 par un club membre de Festiguide53 [contact-form-7 id=\u00a0\u00bb1013&Prime; title=\u00a0\u00bbContact-cr\u00e9ation-evenement\u00a0\u00bb]<\/p>\n","protected":false},"author":1,"featured_media":0,"parent":0,"menu_order":0,"comment_status":"closed","ping_status":"closed","template":"page-contact.php","meta":{"kt_blocks_editor_width":"","jetpack_post_was_ever_published":false},"jetpack_sharing_enabled":true,"jetpack_shortlink":"https:\/\/wp.me\/P7cFdd-2g","jetpack-related-posts":[{"id":1014,"url":"http:\/\/guidelaval.fr\/eva\/essai-creation-evenement\/","url_meta":{"origin":140,"position":0},"title":"essai cr\u00e9ation-\u00e9v\u00e8nement","date":"25 avril 2016","format":false,"excerpt":"[contact-form-7 id=\"1013\" title=\"Contact-cr\u00e9ation-evenement\"]","rel":"","context":"Article similaire","img":{"alt_text":"","src":"","width":0,"height":0},"classes":[]},{"id":1066,"url":"http:\/\/guidelaval.fr\/eva\/nouvelle-creation-7\/","url_meta":{"origin":140,"position":1},"title":"nouvelle cr\u00e9ation","date":"2 mai 2016","format":false,"excerpt":"De : lE GRAND Nom de l'\u00e9v\u00e8nement : nouvelle cr\u00e9ation date-d\u00e9but:25\/04\/2016 date-fin :25\/04\/2016 Corps du message : nouvelle cr\u00e9ation \u00c9v\u00e8nement positionn\u00e9 le : 25\/04\/2016 19h 27mn Par le Club : Lions Club Guy de Laval essai de la nouvelle formule","rel":"","context":"Dans &quot;Non class\u00e9&quot;","img":{"alt_text":"","src":"","width":0,"height":0},"classes":[]},{"id":1048,"url":"http:\/\/guidelaval.fr\/eva\/nouvelle-creation-5\/","url_meta":{"origin":140,"position":2},"title":"nouvelle cr\u00e9ation","date":"2 mai 2016","format":false,"excerpt":"De : lE GRAND Sujet : nouvelle cr\u00e9ation Corps du message : nouvelle cr\u00e9ation \u00c9v\u00e8nement positionn\u00e9 le : 25\/04\/2016 19h 27mn Par le Club : Lions Club Guy de Laval essai de la nouvelle formule je tente de comprendre date d\u00e9but:25\/04\/2016 date-fin :25\/04\/2016","rel":"","context":"Dans &quot;Non class\u00e9&quot;","img":{"alt_text":"","src":"","width":0,"height":0},"classes":[]},{"id":1050,"url":"http:\/\/guidelaval.fr\/eva\/nouvelle-creation-6\/","url_meta":{"origin":140,"position":3},"title":"nouvelle cr\u00e9ation","date":"2 mai 2016","format":false,"excerpt":"De : lE GRAND Sujet : nouvelle cr\u00e9ation Corps du message : nouvelle cr\u00e9ation \u00c9v\u00e8nement positionn\u00e9 le : 25\/04\/2016 19h 27mn Par le Club : Lions Club Guy de Laval essai de la nouvelle formule je ne cmprends rien date d\u00e9but:25\/04\/2016 date-fin :25\/04\/2016","rel":"","context":"Dans &quot;Non class\u00e9&quot;","img":{"alt_text":"","src":"","width":0,"height":0},"classes":[]},{"id":1029,"url":"http:\/\/guidelaval.fr\/eva\/nouvelle-creation\/","url_meta":{"origin":140,"position":4},"title":"nouvelle cr\u00e9ation","date":"26 avril 2016","format":false,"excerpt":"De : lE GRAND Sujet : nouvelle cr\u00e9ation Corps du message : nouvelle cr\u00e9ation \u00c9v\u00e8nement positionn\u00e9 le : 25\/04\/2016 19h 27mn Par le Club : Lions Club Guy de Laval essai de la nouvelle formule date d\u00e9but:25\/04\/2016 date-fin :25\/04\/2016 Cet email a \u00e9t\u00e9 envoy\u00e9 via le formulaire de contact de\u2026","rel":"","context":"Dans &quot;Non class\u00e9&quot;","img":{"alt_text":"","src":"","width":0,"height":0},"classes":[]},{"id":1040,"url":"http:\/\/guidelaval.fr\/eva\/nouvelle-creation-3\/","url_meta":{"origin":140,"position":5},"title":"nouvelle cr\u00e9ation","date":"28 avril 2016","format":false,"excerpt":"De : LE GRAND Sujet : nouvelle cr\u00e9ation Corps du message : nouvelle cr\u00e9ation \u00c9v\u00e8nement positionn\u00e9 le : 25\/04\/2016 19h 27mn Par le Club : Lions Club Guy de Laval essai de la nouvelle formule Jeudi soir 22h37 le seul fichier joint est un fichier pdf date d\u00e9but:25\/04\/2016 date-fin :25\/04\/2016\u2026","rel":"","context":"Dans &quot;Non class\u00e9&quot;","img":{"alt_text":"","src":"","width":0,"height":0},"classes":[]}],"_links":{"self":[{"href":"http:\/\/guidelaval.fr\/eva\/wp-json\/wp\/v2\/pages\/140"}],"collection":[{"href":"http:\/\/guidelaval.fr\/eva\/wp-json\/wp\/v2\/pages"}],"about":[{"href":"http:\/\/guidelaval.fr\/eva\/wp-json\/wp\/v2\/types\/page"}],"author":[{"embeddable":true,"href":"http:\/\/guidelaval.fr\/eva\/wp-json\/wp\/v2\/users\/1"}],"replies":[{"embeddable":true,"href":"http:\/\/guidelaval.fr\/eva\/wp-json\/wp\/v2\/comments?post=140"}],"version-history":[{"count":28,"href":"http:\/\/guidelaval.fr\/eva\/wp-json\/wp\/v2\/pages\/140\/revisions"}],"predecessor-version":[{"id":1018,"href":"http:\/\/guidelaval.fr\/eva\/wp-json\/wp\/v2\/pages\/140\/revisions\/1018"}],"wp:attachment":[{"href":"http:\/\/guidelaval.fr\/eva\/wp-json\/wp\/v2\/media?parent=140"}],"curies":[{"name":"wp","href":"https:\/\/api.w.org\/{rel}","templated":true}]}}