{"id":512,"date":"2015-11-17T10:27:16","date_gmt":"2015-11-17T09:27:16","guid":{"rendered":"http:\/\/guidelaval.fr\/eva\/?page_id=512"},"modified":"2016-04-23T16:40:11","modified_gmt":"2016-04-23T14:40:11","slug":"page-invitation","status":"publish","type":"page","link":"http:\/\/guidelaval.fr\/eva\/page-invitation\/","title":{"rendered":"Page-Invitation"},"content":{"rendered":"<p id='jerome-invitation'>Demande d&rsquo;envoi d&rsquo;une invitation aux membres des associations adh\u00e9rentes \u00e0 festiguide53<\/p>\n[contact-form-7 id=\u00a0\u00bb798&Prime; title=\u00a0\u00bbContact-invitation\u00a0\u00bb]\n","protected":false},"excerpt":{"rendered":"<p>Demande d&rsquo;envoi d&rsquo;une invitation aux membres des associations adh\u00e9rentes \u00e0 festiguide53 [contact-form-7 id=\u00a0\u00bb798&Prime; title=\u00a0\u00bbContact-invitation\u00a0\u00bb]<\/p>\n","protected":false},"author":1,"featured_media":0,"parent":0,"menu_order":0,"comment_status":"closed","ping_status":"closed","template":"","meta":{"kt_blocks_editor_width":"","jetpack_post_was_ever_published":false},"jetpack_sharing_enabled":false,"jetpack_shortlink":"https:\/\/wp.me\/P7cFdd-8g","jetpack-related-posts":[{"id":1106,"url":"http:\/\/guidelaval.fr\/eva\/separation-infos\/","url_meta":{"origin":512,"position":0},"title":"s\u00e9paration infos","date":"4 mai 2016","format":false,"excerpt":"Invitation envoy\u00e9e par : lE GRAND legrand.jt@orange.fr date-d\u00e9but:06\/05\/2016 date-fin :06\/05\/2016 Inscrit dans le calendrier : coucou Corps du message : s\u00e9paration infos pour faire plaisir, s\u00e9paration de la date de cr\u00e9ation modification ey de la description de l'\u00e9v\u00e8nement Invitation envoy\u00e9e le mercredi 4 mai 2016 \u00e0 22h40","rel":"","context":"Dans &quot;Non class\u00e9&quot;","img":{"alt_text":"","src":"https:\/\/i0.wp.com\/guidelaval.fr\/eva\/wp-content\/uploads\/2016\/05\/festiguide53.jpg?resize=350%2C200","width":350,"height":200},"classes":[]},{"id":1250,"url":"http:\/\/guidelaval.fr\/eva\/soiree-cabaret\/","url_meta":{"origin":512,"position":1},"title":"Soir\u00e9e cabaret","date":"23 f\u00e9vrier 2017","format":false,"excerpt":"Contact : Meslay anny.roland@gmail.com date-d\u00e9but : 31\/03\/2017 20h00 date-fin : 31\/03\/2017 23h30 Les Angenoises 55, rue du MaineBONCHAMP 53960 Corps du message : Veuillez trouver ci-joint une invitation \u00e0 notre soir\u00e9e Cabaret du 31 Mars 2017 aux Angenoises \u00e0 Bonchamp les Laval. Esp\u00e9rons votre pr\u00e9sence \u2026 N\u2019h\u00e9sitez pas \u00e0 inviter\u2026","rel":"","context":"Dans &quot;Non class\u00e9&quot;","img":{"alt_text":"","src":"","width":0,"height":0},"classes":[]},{"id":1254,"url":"http:\/\/guidelaval.fr\/eva\/soiree-cabaret-2\/","url_meta":{"origin":512,"position":2},"title":"Soir\u00e9e cabaret","date":"23 f\u00e9vrier 2017","format":false,"excerpt":"Contact : Meslay anny.roland@gmail.com date-d\u00e9but : 31\/03\/2017 20h00 date-fin : 31\/03\/2017 23h30 Les Angenoises 55, rue du MaineBONCHAMP 53960 Corps du message : Veuillez trouver ci-joint une invitation \u00e0 notre soir\u00e9e Cabaret du 31 Mars 2017 aux Angenoises \u00e0 Bonchamp les Laval. Esp\u00e9rons votre pr\u00e9sence \u2026 N\u2019h\u00e9sitez pas \u00e0 inviter\u2026","rel":"","context":"Dans &quot;Non class\u00e9&quot;","img":{"alt_text":"","src":"","width":0,"height":0},"classes":[]},{"id":1258,"url":"http:\/\/guidelaval.fr\/eva\/soiree-cabaret-3\/","url_meta":{"origin":512,"position":3},"title":"Soir\u00e9e cabaret","date":"24 f\u00e9vrier 2017","format":false,"excerpt":"Contact : meslay anny.roland@gmail.com date-d\u00e9but : 31\/03\/2017 20h00 date-fin : 31\/03\/2017 23h30 Les Angenoises 55, rue du MaineBONCHAMP 53960 Corps du message : Veuillez trouver ci-joint une invitation \u00e0 notre soir\u00e9e Cabaret du 31 Mars 2017 aux Angenoises \u00e0 Bonchamp les Laval. Esp\u00e9rons votre pr\u00e9sence \u2026 N\u2019h\u00e9sitez pas \u00e0 inviter\u2026","rel":"","context":"Dans &quot;Non class\u00e9&quot;","img":{"alt_text":"","src":"","width":0,"height":0},"classes":[]},{"id":1094,"url":"http:\/\/guidelaval.fr\/eva\/il-y-a-un-probleme\/","url_meta":{"origin":512,"position":4},"title":"il y a un probl\u00e8me","date":"3 mai 2016","format":false,"excerpt":"Invitation envoy\u00e9e par : houdbine houdbine.felix@orange.fr date-d\u00e9but: date-fin : Corps du message : chapitre-magistral-2016-programme.pdf","rel":"","context":"Dans &quot;Non class\u00e9&quot;","img":{"alt_text":"","src":"","width":0,"height":0},"classes":[]},{"id":1070,"url":"http:\/\/guidelaval.fr\/eva\/mise-en-route-5\/","url_meta":{"origin":512,"position":5},"title":"Mise en route","date":"2 mai 2016","format":false,"excerpt":"Invitation envoy\u00e9e par : Le Grand legrand.jt@orange.fr date-d\u00e9but:26\/04\/2016 date-fin :27\/04\/2016 Corps du message : Cette fois je vais joindre une image est un lien vers un fichier pdf. festiguide53-ovale.pdf","rel":"","context":"Dans &quot;Non class\u00e9&quot;","img":{"alt_text":"","src":"","width":0,"height":0},"classes":[]}],"_links":{"self":[{"href":"http:\/\/guidelaval.fr\/eva\/wp-json\/wp\/v2\/pages\/512"}],"collection":[{"href":"http:\/\/guidelaval.fr\/eva\/wp-json\/wp\/v2\/pages"}],"about":[{"href":"http:\/\/guidelaval.fr\/eva\/wp-json\/wp\/v2\/types\/page"}],"author":[{"embeddable":true,"href":"http:\/\/guidelaval.fr\/eva\/wp-json\/wp\/v2\/users\/1"}],"replies":[{"embeddable":true,"href":"http:\/\/guidelaval.fr\/eva\/wp-json\/wp\/v2\/comments?post=512"}],"version-history":[{"count":24,"href":"http:\/\/guidelaval.fr\/eva\/wp-json\/wp\/v2\/pages\/512\/revisions"}],"predecessor-version":[{"id":1009,"href":"http:\/\/guidelaval.fr\/eva\/wp-json\/wp\/v2\/pages\/512\/revisions\/1009"}],"wp:attachment":[{"href":"http:\/\/guidelaval.fr\/eva\/wp-json\/wp\/v2\/media?parent=512"}],"curies":[{"name":"wp","href":"https:\/\/api.w.org\/{rel}","templated":true}]}}