{"id":519,"date":"2015-11-19T16:53:10","date_gmt":"2015-11-19T15:53:10","guid":{"rendered":"http:\/\/guidelaval.fr\/eva\/?page_id=519"},"modified":"2015-11-19T17:06:42","modified_gmt":"2015-11-19T16:06:42","slug":"reglementation-responsable","status":"publish","type":"page","link":"http:\/\/guidelaval.fr\/eva\/reglementation-responsable\/","title":{"rendered":"R\u00e9glementation-Responsable"},"content":{"rendered":"<table width='60%'align='center'>\n<tr>\n<td width=95%'>\n<h5 style=\"text-align: center;\">LA RESPONSABILITE DES ASSOCIATIONS<\/h5>\n<\/td>\n<td><a href=\"http:\/\/guidelaval.fr\/eva\/reglementation\"class='cgras'>&nbsp;<<&nbsp;&nbsp;<\/a><a href=\"http:\/\/guidelaval.fr\/eva\/reglementation-fiscalite\" class='cgras'>&nbsp;<&nbsp;<\/a><a href=\"http:\/\/guidelaval.fr\/eva\/reglementation-securite\" class='cgras'>&nbsp;>&nbsp;<\/a><\/td>\n<\/tr>\n<tr>\n<td>\n<p style=\"text-align: justify;\">\nUne association menant des activit\u00e9s peut \u00eatre confront\u00e9e \u00e0 des faits dommageables qui peuvent entra\u00eener un pr\u00e9judice. Une association est responsable de ses actes au m\u00eame titre que toute autre personne physique ou morale. Du moment qu\u2019une association d\u00e9veloppe des activit\u00e9s, elle engage sa responsabilit\u00e9. Celle-ci peut \u00eatre de deux types.<br \/>\n<strong>1 D\u00e9finition<\/strong><br \/>\n<strong><em>La responsabilit\u00e9 civile<\/em><\/strong><br \/>\nLa responsabilit\u00e9 civile intervient d\u00e8s qu\u2019un sinistre entra\u00eene un dommage et un pr\u00e9judice. La victime de ce dommage se retourne contre l\u2019association responsable afin d\u2019obtenir r\u00e9paration de ce pr\u00e9judice, qu\u2019il soit physique ou moral. Cette responsabilit\u00e9 est directe. Il s\u2019agit de la responsabilit\u00e9 de l\u2019association en tant que personne morale, organisatrice des activit\u00e9s. A ce niveau-l\u00e0, on ne parle pas de la responsabilit\u00e9 des membres. L\u2019association est responsable des dommages caus\u00e9s par elle-m\u00eame, par ses membres, par ses salari\u00e9s \u00e0 des tiers. Ces dommages peuvent \u00eatre caus\u00e9s dans le cadre des activit\u00e9s de l\u2019association mais pas uniquement. Ils peuvent \u00e9galement \u00eatre occasionn\u00e9s par l\u2019usage des locaux, du mat\u00e9riel mis \u00e0 disposition, par les v\u00e9hicules utilis\u00e9s. Il est par cons\u00e9quent important de v\u00e9rifier si l\u2019assurance de l\u2019association couvre l\u2019ensemble<br \/>\nde ces risques. En cas de dommage, l\u2019assurance va venir en r\u00e9paration du pr\u00e9judice subi<br \/>\nsi celui-ci entre dans le cadre des clauses du contrat souscrit.<br \/>\n<strong><em>La responsabilit\u00e9 p\u00e9nale<\/em><\/strong><br \/>\nL\u2019objet de la responsabilit\u00e9 p\u00e9nale est de r\u00e9primer les infractions pr\u00e9vues par la loi (exemple : homicides, atteintes \u00e0 la vie priv\u00e9e, abus de biens sociaux\u2026), \u00e0 l\u2019encontre des faits portants atteinte \u00e0 l\u2019int\u00e9grit\u00e9 de ce qui est ou de ce qui devrait \u00eatre. La responsabilit\u00e9 p\u00e9nale de l\u2019association en tant que personne morale peut \u00eatre engag\u00e9e si elle tire profit de son infraction. A contrario, si la faute a \u00e9t\u00e9 caus\u00e9e par un membre de l\u2019association dans le but d\u2019un profit personnel (d\u00e9tournement de fonds, par exemple\u2026), c\u2019est la responsabilit\u00e9 p\u00e9nale du membre en tant que personne physique qui est engag\u00e9e. NB : Les responsabilit\u00e9s des deux (associations et personnes) peuvent se cumuler.<br \/>\n<strong><em>Qui porte la responsabilit\u00e9 ?<\/em><\/strong><br \/>\n<em>L\u2019association<\/em><br \/>\nLes membres d\u2019une association ne peuvent \u00eatre tenus pour responsables civilement des engagements contract\u00e9s par l\u2019association. Seul le patrimoine de l\u2019association est garant des engagements pris. C\u2019est l\u2019association en tant que personne morale qui endosse la responsabilit\u00e9 dans la plupart des cas :<br \/>\n\u2022 lorsque les d\u00e9cisions sont prises par les instances dirigeantes de l\u2019association ;<br \/>\n\u2022 lorsque l\u2019association ne respecte pas les obligations de s\u00e9curit\u00e9 des personnes dans le cadre des activit\u00e9s et des manifestations ;<br \/>\n\u2022 lorsqu\u2019une d\u00e9cision entra\u00eene un dommage non couvert par les assurances.<br \/>\n<em>Les dirigeants<\/em><br \/>\nLes dirigeants peuvent voir engager leur responsabilit\u00e9 personnelle si :<br \/>\n\u2022 ils ne respectent pas les dispositions statutaires ;<br \/>\n\u2022 ils outrepassent leurs droits par rapport \u00e0 leurs fonctions ;<br \/>\n\u2022 ils ne respectent pas leurs obligations dans le cas d\u2019un redressement ou d\u2019une liquidation judiciaire.<br \/>\n<em>L\u2019utilit\u00e9 des assurances<\/em><br \/>\nL\u2019association peut s\u2019assurer pour sa responsabilit\u00e9 civile, son patrimoine et pour les personnes qui travaillent avec elle. L\u2019assurance prend en charge les cons\u00e9quences financi\u00e8res des dommages caus\u00e9s \u00e0 autrui dans le cadre des activit\u00e9s associatives : c\u2019est ce qu\u2019on appelle la garantie de responsabilit\u00e9 civile. L\u2019assur\u00e9 est donc l\u2019association en tant que personne morale. L\u2019assurance couvre \u00e9galement toutes les personnes mandat\u00e9es pour agir au nom de l\u2019association et celles agissant dans le cadre des activit\u00e9s. Un contrat cl\u00e9s en main n\u2019est pas toujours adapt\u00e9 \u00e0 la nature de l\u2019association et de ses activit\u00e9s. L\u2019id\u00e9al est de construire et de n\u00e9gocier le contrat directement avec l\u2019assureur. Lorsqu\u2019une association organise une manifestation occasionnelle, il faut v\u00e9rifier que celleci reste dans le cadre des garanties du contrat d\u2019assurance. Dans le cas contraire, on peut souscrire un avenant pour la dur\u00e9e de la manifestation. N\u00e9anmoins, il faut veiller \u00e0 remplir les conditions demand\u00e9es par le contrat d\u2019assurance (r\u00e8gles de s\u00e9curit\u00e9, gardiennage par exemple) afin de pouvoir b\u00e9n\u00e9ficier de toutes les garanties souscrites. En cas d\u2019accueil de public, il faut pr\u00e9ciser clairement ce qui n\u2019est pas couvert par l\u2019assurance de l\u2019association (le vol ou la disparition d\u2019objet mis en vestiaire par exemple).\n<\/p>\n<\/td>\n<\/tr>\n<tr>\n<td><\/td>\n<td><a href=\"http:\/\/guidelaval.fr\/eva\/reglementation\"class='cgras'>&nbsp;<<&nbsp;&nbsp;<\/a><a href=\"http:\/\/guidelaval.fr\/eva\/reglementation-fiscalite\" class='cgras'>&nbsp;<&nbsp;<\/a><a href=\"http:\/\/guidelaval.fr\/eva\/reglementation-securite\" class='cgras'>&nbsp;>&nbsp;<\/a><\/td>\n<\/tr>\n<\/table>\n","protected":false},"excerpt":{"rendered":"","protected":false},"author":1,"featured_media":0,"parent":0,"menu_order":0,"comment_status":"closed","ping_status":"closed","template":"","meta":{"kt_blocks_editor_width":"","jetpack_post_was_ever_published":false},"jetpack_sharing_enabled":true,"jetpack_shortlink":"https:\/\/wp.me\/P7cFdd-8n","jetpack-related-posts":[{"id":476,"url":"http:\/\/guidelaval.fr\/eva\/reglementation\/reglementation-agrement\/","url_meta":{"origin":519,"position":0},"title":"R\u00e9glementation-agr\u00e9ment","date":"16 novembre 2015","format":false,"excerpt":"","rel":"","context":"Article similaire","img":{"alt_text":"","src":"","width":0,"height":0},"classes":[]},{"id":344,"url":"http:\/\/guidelaval.fr\/eva\/reglementation-buvette\/","url_meta":{"origin":519,"position":1},"title":"R\u00e9glementation-buvette","date":"11 novembre 2015","format":false,"excerpt":"","rel":"","context":"Article similaire","img":{"alt_text":"","src":"","width":0,"height":0},"classes":[]},{"id":380,"url":"http:\/\/guidelaval.fr\/eva\/reglementation-preambule\/","url_meta":{"origin":519,"position":2},"title":"R\u00e9glementation-pr\u00e9ambule","date":"11 novembre 2015","format":false,"excerpt":"","rel":"","context":"Article similaire","img":{"alt_text":"","src":"","width":0,"height":0},"classes":[]},{"id":391,"url":"http:\/\/guidelaval.fr\/eva\/reglementation-guide\/","url_meta":{"origin":519,"position":3},"title":"R\u00e9glementation-guide","date":"11 novembre 2015","format":false,"excerpt":"","rel":"","context":"Article similaire","img":{"alt_text":"","src":"","width":0,"height":0},"classes":[]},{"id":401,"url":"http:\/\/guidelaval.fr\/eva\/reglementation-lemploi\/","url_meta":{"origin":519,"position":4},"title":"R\u00e9glementation-l&#8217;emploi","date":"11 novembre 2015","format":false,"excerpt":"","rel":"","context":"Article similaire","img":{"alt_text":"","src":"","width":0,"height":0},"classes":[]},{"id":468,"url":"http:\/\/guidelaval.fr\/eva\/reglementation-restauration\/","url_meta":{"origin":519,"position":5},"title":"R\u00e9glementation-restauration","date":"16 novembre 2015","format":false,"excerpt":"","rel":"","context":"Article similaire","img":{"alt_text":"","src":"","width":0,"height":0},"classes":[]}],"_links":{"self":[{"href":"http:\/\/guidelaval.fr\/eva\/wp-json\/wp\/v2\/pages\/519"}],"collection":[{"href":"http:\/\/guidelaval.fr\/eva\/wp-json\/wp\/v2\/pages"}],"about":[{"href":"http:\/\/guidelaval.fr\/eva\/wp-json\/wp\/v2\/types\/page"}],"author":[{"embeddable":true,"href":"http:\/\/guidelaval.fr\/eva\/wp-json\/wp\/v2\/users\/1"}],"replies":[{"embeddable":true,"href":"http:\/\/guidelaval.fr\/eva\/wp-json\/wp\/v2\/comments?post=519"}],"version-history":[{"count":7,"href":"http:\/\/guidelaval.fr\/eva\/wp-json\/wp\/v2\/pages\/519\/revisions"}],"predecessor-version":[{"id":528,"href":"http:\/\/guidelaval.fr\/eva\/wp-json\/wp\/v2\/pages\/519\/revisions\/528"}],"wp:attachment":[{"href":"http:\/\/guidelaval.fr\/eva\/wp-json\/wp\/v2\/media?parent=519"}],"curies":[{"name":"wp","href":"https:\/\/api.w.org\/{rel}","templated":true}]}}