{"id":1052,"date":"2016-05-02T12:46:31","date_gmt":"2016-05-02T10:46:31","guid":{"rendered":"http:\/\/guidelaval.fr\/eva\/?p=1052"},"modified":"2016-05-02T13:01:52","modified_gmt":"2016-05-02T11:01:52","slug":"soiree-pas-folle","status":"publish","type":"page","link":"https:\/\/guidelaval.fr\/eva\/soiree-pas-folle\/","title":{"rendered":"soir\u00e9e pas folle"},"content":{"rendered":"<p>De : lE GRAND  Sujet : soir\u00e9e pas folle Corps du message : pourquoi les dates se mettent apr\u00e8s le texte ? il faut que je trouve avant ce soir  date d\u00e9but:02\/04\/2016 date-fin :02\/04\/2016   <\/p>\n","protected":false},"excerpt":{"rendered":"<p>De : lE GRAND Sujet : soir\u00e9e pas folle Corps du message : pourquoi les dates se mettent apr\u00e8s le texte ? il faut que je trouve avant ce soir date d\u00e9but:02\/04\/2016 date-fin :02\/04\/2016<\/p>\n","protected":false},"author":6,"featured_media":0,"parent":0,"menu_order":0,"comment_status":"closed","ping_status":"closed","template":"","meta":{"kt_blocks_editor_width":"","jetpack_post_was_ever_published":false},"jetpack_sharing_enabled":true,"jetpack_shortlink":"https:\/\/wp.me\/P7cFdd-gY","jetpack-related-posts":[{"id":1064,"url":"https:\/\/guidelaval.fr\/eva\/soiree-pas-folle-2\/","url_meta":{"origin":1052,"position":0},"title":"soir\u00e9e pas folle","date":"2 mai 2016","format":false,"excerpt":"De : lE GRAND Nom de l'\u00e9v\u00e8nement : soir\u00e9e pas folle date-d\u00e9but:02\/04\/2016 date-fin :02\/04\/2016 Corps du message : soir\u00e9e pas folle \u00c9v\u00e8nement Modifi\u00e9 le : 23\/04\/2016 18h 44mn par le grand du Club : Lions Club Guy de Laval soir\u00e9e pas folle du tout \u00c9v\u00e8nement positionn\u00e9 le : 23\/04\/2016 18h\u2026","rel":"","context":"Dans &quot;Non class\u00e9&quot;","img":{"alt_text":"","src":"","width":0,"height":0},"classes":[]},{"id":1102,"url":"https:\/\/guidelaval.fr\/eva\/soiree-pas-folle-3\/","url_meta":{"origin":1052,"position":1},"title":"soir\u00e9e pas folle","date":"4 mai 2016","format":false,"excerpt":"Invitation envoy\u00e9e par : lE GRAND legrand.jt@orange.fr date-d\u00e9but:02\/04\/2016 date-fin :02\/04\/2016 Corps du message : soir\u00e9e pas folle \u00c9v\u00e8nement Modifi\u00e9 le : 23\/04\/2016 18h 44mn par le grand du Club : Lions Club Guy de Laval soir\u00e9e pas folle du tout \u00c9v\u00e8nement positionn\u00e9 le : 23\/04\/2016 18h 42mn Par le Club\u2026","rel":"","context":"Dans &quot;Non class\u00e9&quot;","img":{"alt_text":"","src":"https:\/\/i0.wp.com\/guidelaval.fr\/eva\/wp-content\/uploads\/2016\/05\/festiguide53-ovale-10.jpg?resize=350%2C200","width":350,"height":200},"classes":[]},{"id":1250,"url":"https:\/\/guidelaval.fr\/eva\/soiree-cabaret\/","url_meta":{"origin":1052,"position":2},"title":"Soir\u00e9e cabaret","date":"23 f\u00e9vrier 2017","format":false,"excerpt":"Contact : Meslay anny.roland@gmail.com date-d\u00e9but : 31\/03\/2017 20h00 date-fin : 31\/03\/2017 23h30 Les Angenoises 55, rue du MaineBONCHAMP 53960 Corps du message : Veuillez trouver ci-joint une invitation \u00e0 notre soir\u00e9e Cabaret du 31 Mars 2017 aux Angenoises \u00e0 Bonchamp les Laval. Esp\u00e9rons votre pr\u00e9sence \u2026 N\u2019h\u00e9sitez pas \u00e0 inviter\u2026","rel":"","context":"Dans &quot;Non class\u00e9&quot;","img":{"alt_text":"","src":"","width":0,"height":0},"classes":[]},{"id":1254,"url":"https:\/\/guidelaval.fr\/eva\/soiree-cabaret-2\/","url_meta":{"origin":1052,"position":3},"title":"Soir\u00e9e cabaret","date":"23 f\u00e9vrier 2017","format":false,"excerpt":"Contact : Meslay anny.roland@gmail.com date-d\u00e9but : 31\/03\/2017 20h00 date-fin : 31\/03\/2017 23h30 Les Angenoises 55, rue du MaineBONCHAMP 53960 Corps du message : Veuillez trouver ci-joint une invitation \u00e0 notre soir\u00e9e Cabaret du 31 Mars 2017 aux Angenoises \u00e0 Bonchamp les Laval. Esp\u00e9rons votre pr\u00e9sence \u2026 N\u2019h\u00e9sitez pas \u00e0 inviter\u2026","rel":"","context":"Dans &quot;Non class\u00e9&quot;","img":{"alt_text":"","src":"","width":0,"height":0},"classes":[]},{"id":1258,"url":"https:\/\/guidelaval.fr\/eva\/soiree-cabaret-3\/","url_meta":{"origin":1052,"position":4},"title":"Soir\u00e9e cabaret","date":"24 f\u00e9vrier 2017","format":false,"excerpt":"Contact : meslay anny.roland@gmail.com date-d\u00e9but : 31\/03\/2017 20h00 date-fin : 31\/03\/2017 23h30 Les Angenoises 55, rue du MaineBONCHAMP 53960 Corps du message : Veuillez trouver ci-joint une invitation \u00e0 notre soir\u00e9e Cabaret du 31 Mars 2017 aux Angenoises \u00e0 Bonchamp les Laval. Esp\u00e9rons votre pr\u00e9sence \u2026 N\u2019h\u00e9sitez pas \u00e0 inviter\u2026","rel":"","context":"Dans &quot;Non class\u00e9&quot;","img":{"alt_text":"","src":"","width":0,"height":0},"classes":[]},{"id":1315,"url":"https:\/\/guidelaval.fr\/eva\/soiree-de-gala\/","url_meta":{"origin":1052,"position":5},"title":"Soir\u00e9e de Gala","date":"8 ao\u00fbt 2018","format":false,"excerpt":"Contact : le grand legrand.jt@orange.fr date-d\u00e9but : 08\/09\/2018 19h30 date-fin : 08\/09\/2018 23h Salle LA FABRIQUE 10 Rue de la Chambrouill\u00e8reBonchamp 53960 \u00c9v\u00e8nement positionn\u00e9 le : 08\/08\/2018 12h 41mn<\/br>Par le Club : Lions Club Guy Corps du message : Soir\u00e9e de Gala Le Lions Club Guy de Laval f\u00eate ses\u2026","rel":"","context":"Dans &quot;Non class\u00e9&quot;","img":{"alt_text":"","src":"","width":0,"height":0},"classes":[]}],"_links":{"self":[{"href":"https:\/\/guidelaval.fr\/eva\/wp-json\/wp\/v2\/pages\/1052"}],"collection":[{"href":"https:\/\/guidelaval.fr\/eva\/wp-json\/wp\/v2\/pages"}],"about":[{"href":"https:\/\/guidelaval.fr\/eva\/wp-json\/wp\/v2\/types\/page"}],"author":[{"embeddable":true,"href":"https:\/\/guidelaval.fr\/eva\/wp-json\/wp\/v2\/users\/6"}],"replies":[{"embeddable":true,"href":"https:\/\/guidelaval.fr\/eva\/wp-json\/wp\/v2\/comments?post=1052"}],"version-history":[{"count":1,"href":"https:\/\/guidelaval.fr\/eva\/wp-json\/wp\/v2\/pages\/1052\/revisions"}],"predecessor-version":[{"id":1053,"href":"https:\/\/guidelaval.fr\/eva\/wp-json\/wp\/v2\/pages\/1052\/revisions\/1053"}],"wp:attachment":[{"href":"https:\/\/guidelaval.fr\/eva\/wp-json\/wp\/v2\/media?parent=1052"}],"curies":[{"name":"wp","href":"https:\/\/api.w.org\/{rel}","templated":true}]}}