{"id":1258,"date":"2017-02-24T16:08:09","date_gmt":"2017-02-24T14:08:09","guid":{"rendered":"http:\/\/guidelaval.fr\/?p=1258"},"modified":"2017-02-24T15:12:00","modified_gmt":"2017-02-24T14:12:00","slug":"soiree-cabaret-3","status":"publish","type":"page","link":"https:\/\/guidelaval.fr\/eva\/soiree-cabaret-3\/","title":{"rendered":"Soir\u00e9e cabaret"},"content":{"rendered":"<p>Contact : meslay<br \/> <a href=\"mailto:anny.roland@gmail.com\">anny.roland@gmail.com<\/a><\/br><br \/> date-d\u00e9but : 31\/03\/2017 20h00<br \/> date-fin : 31\/03\/2017 23h30<br \/> Les Angenoises<br \/> 55, rue du Maine<br \/>BONCHAMP 53960<\/p>\n<p><b>Corps du message :<\/b><br \/> Veuillez trouver ci-joint une invitation \u00e0 notre soir\u00e9e Cabaret<br \/> du 31 Mars 2017 aux Angenoises \u00e0 Bonchamp les Laval.<br \/> Esp\u00e9rons votre pr\u00e9sence \u2026<br \/> N\u2019h\u00e9sitez pas \u00e0 inviter vos amis, ils seront les bienvenus.<\/p>\n<p>Jean Pierre BOURNY<br \/> Pr\u00e9sident<br \/> Lions Club Laval Premier<\/p>\n<p>     <a href=\"http:\/\/guidelaval.fr\/?attachment_id=1259\"><img data-attachment-id=\"1259\" data-permalink=\"https:\/\/guidelaval.fr\/eva\/soiree-cabaret-3\/invitation-1\/\" data-orig-file=\"https:\/\/i0.wp.com\/guidelaval.fr\/eva\/wp-content\/uploads\/2017\/02\/invitation-1.jpg?fit=1241%2C592&amp;ssl=1\" data-orig-size=\"1241,592\" data-comments-opened=\"0\" data-image-meta=\"{&quot;aperture&quot;:&quot;0&quot;,&quot;credit&quot;:&quot;&quot;,&quot;camera&quot;:&quot;MG6600 series&quot;,&quot;caption&quot;:&quot;&quot;,&quot;created_timestamp&quot;:&quot;0&quot;,&quot;copyright&quot;:&quot;&quot;,&quot;focal_length&quot;:&quot;0&quot;,&quot;iso&quot;:&quot;0&quot;,&quot;shutter_speed&quot;:&quot;0&quot;,&quot;title&quot;:&quot;&quot;,&quot;orientation&quot;:&quot;1&quot;}\" data-image-title=\"invitation-1\" data-image-description=\"\" data-image-caption=\"\" data-medium-file=\"https:\/\/i0.wp.com\/guidelaval.fr\/eva\/wp-content\/uploads\/2017\/02\/invitation-1.jpg?fit=300%2C143&amp;ssl=1\" data-large-file=\"https:\/\/i0.wp.com\/guidelaval.fr\/eva\/wp-content\/uploads\/2017\/02\/invitation-1.jpg?fit=1024%2C488&amp;ssl=1\" decoding=\"async\" loading=\"lazy\" src=\"http:\/\/i0.wp.com\/guidelaval.fr\/eva\/wp-content\/uploads\/2017\/02\/invitation-1.jpg?fit=300%2C143\" alt=\"\" width=\"300px\" height=\"143px\" class=\"alignnone size-medium wp-image-1259\" srcset=\"https:\/\/i0.wp.com\/guidelaval.fr\/eva\/wp-content\/uploads\/2017\/02\/invitation-1.jpg?w=1241&amp;ssl=1 1241w, https:\/\/i0.wp.com\/guidelaval.fr\/eva\/wp-content\/uploads\/2017\/02\/invitation-1.jpg?resize=300%2C143&amp;ssl=1 300w, https:\/\/i0.wp.com\/guidelaval.fr\/eva\/wp-content\/uploads\/2017\/02\/invitation-1.jpg?resize=768%2C366&amp;ssl=1 768w, https:\/\/i0.wp.com\/guidelaval.fr\/eva\/wp-content\/uploads\/2017\/02\/invitation-1.jpg?resize=1024%2C488&amp;ssl=1 1024w, https:\/\/i0.wp.com\/guidelaval.fr\/eva\/wp-content\/uploads\/2017\/02\/invitation-1.jpg?resize=600%2C286&amp;ssl=1 600w\" sizes=\"(max-width: 1140px) 100vw, 1140px\" \/><\/a><br \/><a href=\"http:\/\/guidelaval.fr\/eva\/wp-content\/uploads\/2017\/02\/invitation-cabaret-2.pdf\"><img src='https:\/\/i0.wp.com\/guidelaval.fr\/eva\/wp-content\/plugins\/postie\/icons\/silver\/pdf-32.png?w=1140' alt='pdf icon' data-recalc-dims=\"1\" \/> invitation-cabaret.pdf<\/a><\/p>\n","protected":false},"excerpt":{"rendered":"<p>Contact : meslay anny.roland@gmail.com date-d\u00e9but : 31\/03\/2017 20h00 date-fin : 31\/03\/2017 23h30 Les Angenoises 55, rue du MaineBONCHAMP 53960 Corps du message : Veuillez trouver ci-joint une invitation \u00e0 notre soir\u00e9e Cabaret du 31 Mars 2017 aux Angenoises \u00e0 Bonchamp &hellip; <a href=\"https:\/\/guidelaval.fr\/eva\/soiree-cabaret-3\/\">Lire la suite\u00ad\u00ad<\/a><\/p>\n","protected":false},"author":6,"featured_media":0,"parent":0,"menu_order":0,"comment_status":"closed","ping_status":"closed","template":"","meta":{"kt_blocks_editor_width":"","jetpack_post_was_ever_published":false},"jetpack_sharing_enabled":true,"jetpack_shortlink":"https:\/\/wp.me\/P7cFdd-ki","jetpack-related-posts":[{"id":1250,"url":"https:\/\/guidelaval.fr\/eva\/soiree-cabaret\/","url_meta":{"origin":1258,"position":0},"title":"Soir\u00e9e cabaret","date":"23 f\u00e9vrier 2017","format":false,"excerpt":"Contact : Meslay anny.roland@gmail.com date-d\u00e9but : 31\/03\/2017 20h00 date-fin : 31\/03\/2017 23h30 Les Angenoises 55, rue du MaineBONCHAMP 53960 Corps du message : Veuillez trouver ci-joint une invitation \u00e0 notre soir\u00e9e Cabaret du 31 Mars 2017 aux Angenoises \u00e0 Bonchamp les Laval. Esp\u00e9rons votre pr\u00e9sence \u2026 N\u2019h\u00e9sitez pas \u00e0 inviter\u2026","rel":"","context":"Dans &quot;Non class\u00e9&quot;","img":{"alt_text":"","src":"","width":0,"height":0},"classes":[]},{"id":1254,"url":"https:\/\/guidelaval.fr\/eva\/soiree-cabaret-2\/","url_meta":{"origin":1258,"position":1},"title":"Soir\u00e9e cabaret","date":"23 f\u00e9vrier 2017","format":false,"excerpt":"Contact : Meslay anny.roland@gmail.com date-d\u00e9but : 31\/03\/2017 20h00 date-fin : 31\/03\/2017 23h30 Les Angenoises 55, rue du MaineBONCHAMP 53960 Corps du message : Veuillez trouver ci-joint une invitation \u00e0 notre soir\u00e9e Cabaret du 31 Mars 2017 aux Angenoises \u00e0 Bonchamp les Laval. Esp\u00e9rons votre pr\u00e9sence \u2026 N\u2019h\u00e9sitez pas \u00e0 inviter\u2026","rel":"","context":"Dans &quot;Non class\u00e9&quot;","img":{"alt_text":"","src":"","width":0,"height":0},"classes":[]},{"id":1200,"url":"https:\/\/guidelaval.fr\/eva\/soiree-beaujolais\/","url_meta":{"origin":1258,"position":2},"title":"Soir\u00e9e Beaujolais","date":"7 novembre 2016","format":false,"excerpt":"Contact : BENARD elisabeth.benard@wanadoo.fr date-d\u00e9but : 17\/11\/2016 20h00 date-fin : 17\/11\/2016 23h00 salle polyvalente Place de Herc\u00e953000 LAVAL 53000 \u00c9v\u00e8nement positionn\u00e9 le : 07\/11\/2016 20h 21mn<\/br>Par le Club : Rotary Club de Corps du message : Soir\u00e9e Beaujolais Comme chaque ann\u00e9e, le Rotary Club de Laval vous convie \u00e0 son\u2026","rel":"","context":"Dans &quot;Non class\u00e9&quot;","img":{"alt_text":"","src":"","width":0,"height":0},"classes":[]},{"id":1102,"url":"https:\/\/guidelaval.fr\/eva\/soiree-pas-folle-3\/","url_meta":{"origin":1258,"position":3},"title":"soir\u00e9e pas folle","date":"4 mai 2016","format":false,"excerpt":"Invitation envoy\u00e9e par : lE GRAND legrand.jt@orange.fr date-d\u00e9but:02\/04\/2016 date-fin :02\/04\/2016 Corps du message : soir\u00e9e pas folle \u00c9v\u00e8nement Modifi\u00e9 le : 23\/04\/2016 18h 44mn par le grand du Club : Lions Club Guy de Laval soir\u00e9e pas folle du tout \u00c9v\u00e8nement positionn\u00e9 le : 23\/04\/2016 18h 42mn Par le Club\u2026","rel":"","context":"Dans &quot;Non class\u00e9&quot;","img":{"alt_text":"","src":"https:\/\/i0.wp.com\/guidelaval.fr\/eva\/wp-content\/uploads\/2016\/05\/festiguide53-ovale-10.jpg?resize=350%2C200","width":350,"height":200},"classes":[]},{"id":1197,"url":"https:\/\/guidelaval.fr\/eva\/il-y-a-un-probleme-2\/","url_meta":{"origin":1258,"position":4},"title":"il y a un probl\u00e8me","date":"6 novembre 2016","format":false,"excerpt":"Contact : BENARD elisabeth.benard@wanadoo.fr date-d\u00e9but : 17\/11\/2016 20h00 date-fin : 17\/11\/2016 23h00 Salle Polyvalente place de Herc\u00e953000 LAVAL coucou Corps du message : Bonjour \u00e0 tous et \u00e0 toutes Comme chaque ann\u00e9e, le Rotary Club de Laval organise son d\u00eener concert. Venez nombreux go\u00fbter le nouveau beaujolais dans une ambiance\u2026","rel":"","context":"Dans &quot;Non class\u00e9&quot;","img":{"alt_text":"","src":"","width":0,"height":0},"classes":[]},{"id":1170,"url":"https:\/\/guidelaval.fr\/eva\/diner-et-soiree-dansante-25e-anniversaire\/","url_meta":{"origin":1258,"position":5},"title":"D\u00eener et soir\u00e9e dansante \u00ab\u00a025e anniversaire\u00a0\u00bb","date":"6 septembre 2016","format":false,"excerpt":"Contact : noury noury.magali@gmail.com date-d\u00e9but : 08\/10\/2016 20h00 date-fin : 09\/10\/2016 01h00 Salle des Ondines Chang\u00e9-Les-Laval \u00c9v\u00e8nement positionn\u00e9 le : 05\/09\/2016 19h 23mn<\/br>Par le Club : Mayenne-USA<\/br Corps du message : D\u00eener et soir\u00e9e dansante \"25e anniversaire\" Mayenne USA souffle ses 25 bougies ainsi que le 5e anniversaire de la\u2026","rel":"","context":"Dans &quot;Non class\u00e9&quot;","img":{"alt_text":"","src":"","width":0,"height":0},"classes":[]}],"_links":{"self":[{"href":"https:\/\/guidelaval.fr\/eva\/wp-json\/wp\/v2\/pages\/1258"}],"collection":[{"href":"https:\/\/guidelaval.fr\/eva\/wp-json\/wp\/v2\/pages"}],"about":[{"href":"https:\/\/guidelaval.fr\/eva\/wp-json\/wp\/v2\/types\/page"}],"author":[{"embeddable":true,"href":"https:\/\/guidelaval.fr\/eva\/wp-json\/wp\/v2\/users\/6"}],"replies":[{"embeddable":true,"href":"https:\/\/guidelaval.fr\/eva\/wp-json\/wp\/v2\/comments?post=1258"}],"version-history":[{"count":1,"href":"https:\/\/guidelaval.fr\/eva\/wp-json\/wp\/v2\/pages\/1258\/revisions"}],"predecessor-version":[{"id":1261,"href":"https:\/\/guidelaval.fr\/eva\/wp-json\/wp\/v2\/pages\/1258\/revisions\/1261"}],"wp:attachment":[{"href":"https:\/\/guidelaval.fr\/eva\/wp-json\/wp\/v2\/media?parent=1258"}],"curies":[{"name":"wp","href":"https:\/\/api.w.org\/{rel}","templated":true}]}}